0?
True
Does 47 divide 194815?
True
Is 11 a factor of 301372?
False
Is 35592 a multiple of 6?
True
Is 122084 a multiple of 46?
True
Is 12 a factor of 213562?
False
Does 20 divide 1042981?
False
Is 645890 a multiple of 70?
True
Does 583 divide 621850?
False
Does 26 divide 2551494?
False
Is 19 a factor of 16457258?
False
Is 6 a factor of 50388?
True
Does 28 divide 2670591?
False
Is 38 a factor of 149335?
False
Does 669 divide 1338669?
True
Is 319 a factor of 206712?
True
Is 1916811 a multiple of 27?
True
Is 946 a factor of 315256?
False
Does 284 divide 565444?
True
Does 75 divide 147638?
False
Is 35880 a multiple of 18?
False
Is 6268382 a multiple of 99?
False
Does 532 divide 1082542?
False
Does 35 divide 176928?
False
Does 4 divide 1594872?
True
Is 124413 a multiple of 565?
False
Is 133812 a multiple of 16?
False
Does 135 divide 561870?
True
Is 465 a factor of 498363?
False
Is 14 a factor of 460698?
True
Is 14 a factor of 800968?
True
Does 14 divide 5974999?
False
Does 6 divide 258364?
False
Does 144 divide 4864752?
True
Is 1658741 a multiple of 612?
False
Is 3623466 a multiple of 713?
True
Is 2476636 a multiple of 9?
False
Is 15 a factor of 3030622?
False
Is 878617 a multiple of 20?
False
Is 20 a factor of 5809480?
True
Is 1206 a factor of 4322478?
False
Is 2038140 a multiple of 30?
True
Is 327 a factor of 3465849?
False
Is 63 a factor of 389655?
True
Is 2261623 a multiple of 203?
True
Is 50 a factor of 2063596?
False
Is 31 a factor of 710407?
False
Is 843801 a multiple of 107?
False
Is 7303744 a multiple of 245?
False
Does 208 divide 431600?
True
Is 23 a factor of 418071?
True
Is 59 a factor of 304191?
False
Is 327684 a multiple of 94?
True
Does 10 divide 118140?
True
Does 71 divide 13393014?
True
Is 2587685 a multiple of 769?
True
Does 1195 divide 3343345?
False
Does 76 divide 1641486?
False
Is 10 a factor of 946022?
False
Is 7 a factor of 85407?
True
Is 18978075 a multiple of 1276?
False
Is 4 a factor of 115531?
False
Is 709687 a multiple of 76?
False
Is 4 a factor of 396196?
True
Is 1524 a factor of 994904?
False
Is 197 a factor of 77670?
False
Is 9 a factor of 3208050?
True
Does 74 divide 96718?
True
Is 25767739 a multiple of 26?
False
Is 3 a factor of 22817?
False
Does 9 divide 295830?
True
Does 115 divide 1979610?
True
Is 241105 a multiple of 5?
True
Does 149 divide 3166101?
True
Does 2 divide 2204813?
False
Is 141 a factor of 225741?
True
Is 190 a factor of 159600?
True
Does 298 divide 638390?
False
Is 483839 a multiple of 455?
False
Does 75 divide 15105?
False
Does 16 divide 3076656?
True
Is 276 a factor of 179709?
False
Does 26 divide 340160?
False
Does 208 divide 184505?
False
Is 31 a factor of 188418?
True
Is 1690625 a multiple of 65?
False
Is 23 a factor of 35282?
True
Is 1172883 a multiple of 26?
False
Does 41 divide 4934924?
True
Is 146 a factor of 8890?
False
Is 177264 a multiple of 24?
True
Does 7 divide 566097?
True
Does 3 divide 26466?
True
Does 75 divide 360454?
False
Is 75725 a multiple of 43?
False
Is 252780 a multiple of 55?
True
Does 20 divide 18500?
True
Is 184519 a multiple of 147?
False
Is 37312 a multiple of 4?
True
Does 69 divide 387318?
False
Does 156 divide 110916?
True
Does 182 divide 249585?
False
Is 139918 a multiple of 11?
False
Is 272 a factor of 241510?
False
Does 17 divide 63152?
False
Is 92225 a multiple of 25?
True
Is 78 a factor of 321984?
True
Does 220 divide 2469940?
True
Does 10 divide 126230?
True
Is 57 a factor of 1119619?
False
Is 4 a factor of 159416?
True
Does 24 divide 277320?
True
Is 7 a factor of 1307903?
False
Is 163312 a multiple of 16?
True
Is 4 a factor of 126127?
False
Does 2620 divide 8303111?
False
Is 603450 a multiple of 30?
True
Is 23596 a multiple of 17?
True
Is 204 a factor of 64056?
True
Is 2877928 a multiple of 384?
False
Is 2943479 a multiple of 11?
True
Does 51 divide 453182?
False
Is 23 a factor of 315572?
False
Is 4400 a multiple of 25?
True
Is 193 a factor of 149858?
False
Does 4 divide 1840332?
True
Is 57728 a multiple of 16?
True
Does 243 divide 1401381?
True
Does 81 divide 7663581?
False
Does 11 divide 315471?
False
Is 33 a factor of 1957065?
True
Is 85810 a multiple of 13?
False
Does 13 divide 425269?
True
Is 19312 a multiple of 136?
True
Does 17 divide 43860?
True
Is 16 a factor of 86620?
False
Does 350 divide 6337434?
False
Is 97673 a multiple of 5?
False
Does 17 divide 1414026?
True
Is 359 a factor of 991199?
True
Does 213 divide 450290?
False
Is 6144736 a multiple of 13?
True
Does 16 divide 90984?
False
Is 21 a factor of 21792706?
False
Is 70 a factor of 2509080?
True
Is 46 a factor of 110400?
True
Is 25 a factor of 9612950?
True
Does 66 divide 653372?
False
Is 12 a factor of 106572?
True
Is 26447 a multiple of 53?
True
Is 1384656 a multiple of 12?
True
Is 453032 a multiple of 8?
True
Does 46 divide 48622?
True
Is 311 a factor of 10332664?
True
Is 70 a factor of 155750?
True
Is 2882256 a multiple of 62?
True
Is 10034416 a multiple of 7?
True
Is 57 a factor of 99921?
True
Is 12332 a multiple of 21?
False
Does 8 divide 4723337?
False
Does 34 divide 300911?
False
Does 50 divide 1588332?
False
Does 322 divide 131268?
False
Is 40 a factor of 15921?
False
Is 13 a factor of 2427048?
True
Does 9 divide 4808034?
True
Is 79 a factor of 365533?
True
Does 8 divide 11495851?
False
Is 81 a factor of 100197?
True
Is 19914510 a multiple of 466?
True
Is 10 a factor of 17849743?
False
Is 1747419 a multiple of 597?
True
Is 927099 a multiple of 350?
False
Is 1282014 a multiple of 554?
False
Does 2 divide 21104?
True
Is 542 a factor of 2739916?
False
Does 88 divide 113103?
False
Is 75112 a multiple of 17?
False
Does 4 divide 292504?
True
Is 35 a factor of 5402329?
False
Is 2940888 a multiple of 13?
False
Is 10843512 a multiple of 351?
False
Is 165718 a multiple of 266?
True
Does 7 divide 1602748?
True
Is 148700 a multiple of 361?
False
Is 18 a factor of 310857?
False
Does 11 divide 40920?
True
Does 36 divide 278316?
True
Is 167232 a multiple of 39?
True
Is 50 a factor of 6243550?
True
Does 8 divide 881268?
False
Is 13 a factor of 98002?
False
Does 9 divide 1082541?
False
Is 278 a factor of 204700?
False
Does 25 divide 728500?
True
Is 15 a factor of 1269327?
False
Does 18 divide 301896?
True
Is 2112464 even?
True
Is 153 a factor of 129116?
False
Is 286398 a multiple of 18?
True
Does 226 divide 11526?
True
Is 4178752 a multiple of 32?
True
Is 13579567 a multiple of 47?
False
Does 79 divide 1560191?
False
Does 136 divide 852040?
True
Does 284 divide 295644?
True
Is 7 a factor of 6986?
True
Is 267417 a multiple of 43?
True
Is 9569574 a multiple of 21?
True
Is 3336053 a multiple of 28?
False
Is 255 a factor of 76500?
True
Is 107 a factor of 130754?
True
Is 17810438 a multiple of 17?
False
Is 484 a factor of 6419776?
True
Is 25 a factor of 584209?
False
Is 15 a factor of 863301?
False
Is 178739 a multiple of 173?
False
Does 68 divide 4226541?
False
Is 49 a factor of 296839?
False
Does 130 divide 45890?
True
Does 2 divide 259062?
True
Is 101410 a multiple of 9?
False
Is 35952 a multiple of 12?
True
Is 286 a factor of 357261?
False
Is 24 a factor of 1145280?
True
Is 48 a factor of 2108230?
False
Is 623787 a multiple of 3?
True
Is 2123073 a multiple of 1098?
False
Is 20 a factor of 211789?
False
Is 44 a factor of 5015560?
True
Is 6677033 a multiple of 11?
True
Is 59 a factor of 2869937?
True
Is 944 a factor of 6239041?
False
Is 647112 a multiple of 59?
True
Does 8 divide 403353?
False
Is 11 a factor of 9023746?
False
Is 15 a factor of 1938106?
False
Is 3 a factor of 64218?
True
Is 38 a factor of 719377?
False
Does 418 divide 908390?
False
Is 819786 a multiple of 66?
True
Is 9 a factor of 1194708?
False
Does 27 divide 445851?
True
Is 378385 a multiple of 95?
True
Is 47616 a multiple of 48?
True
Does 129 divide 3045937?
False
Is 80 a factor of 1482217?
False
Is 661640 a multiple of 139?
True
Is 562815 a multiple of 55?
True
Does 87 divide 63482?
False
Is 82 a factor of 82142?
False
Does 291 divide 784827?
True
Is 112256 a multiple of 3?
False
Is 9165 a multiple of 13?
True
Is 6881856 a multiple of 48?
True
Is 2512108 a multiple of 294?
False
Is 9 a factor of 1982412?
True
Does 68 divide 1842732?
True
Does 13 divide 436283?
False
Is 8658 a multiple of 6?
True
Is 7 a factor of 4203072?
False
Doe